8
Let n(h) = 249*h - 121. What is the remainder when n(2) is divided by 19?
16
Calculate the remainder when (3 + (-48)/10)/((-1)/205) is divided by 5.
4
Let f = 68 - 27. Calculate the remainder when f is divided by 22.
19
Suppose -30*t + 3*t + 216 = 0. Calculate the remainder when 141 is divided by t.
5
Suppose -3*a = -2*h + 8 - 57, 5*h + 75 = 5*a. Calculate the remainder when a is divided by 6.
1
Suppose -f - 2*a = -3 - 4, 3 = 3*f - 3*a. Let d be (0 - -2)*(-4 + 3)*1. Calculate the remainder when 122/3 + d/f is divided by 11.
7
Calculate the remainder when 41 is divided by 2/(-4) + 403/26.
11
Let h be (4/3)/((-6)/225). Let q = -97 - h. Let t = 70 + q. Calculate the remainder when 45 is divided by t.
22
Let c(s) = 48*s - 194. Calculate the remainder when c(7) is divided by 49.
44
Let x = 12 - 10. Let w(o) = -5*o - x*o + 3*o**3 - 2*o**2 + 7 - 4*o**3 + 9*o**2. What is the remainder when 42 is divided by w(5)?
20
Let m = 110 - 151. Let o = 252 - m. Calculate the remainder when o is divided by 42.
41
Let b(u) = -14*u - 301. What is the remainder when 136 is divided by b(-22)?
3
Suppose 3*q - 4*q = -1, 0 = -2*c - 4*q + 450. Calculate the remainder when c is divided by 32.
31
Let a(r) = -r**2 + 9*r + 32. Calculate the remainder when a(6) is divided by 26.
24
Let y = -10 - -15. Suppose y*j + 46 = 4*c, 3*j - 5*j = c - 5. What is the remainder when 26 is divided by c?
8
Suppose 25*o = 23*o + 16. Let x = -3 - -41. Calculate the remainder when x is divided by o.
6
Let h(v) = -v**2 - 18*v - 19. Let y = 116 - 128. Calculate the remainder when h(y) is divided by 14.
11
Suppose 3*p - 55 = -43. Calculate the remainder when p is divided by ((-8)/(-28))/(1/(-14)*-2).
0
Let d(x) = -x**3 - x - 1. Let l(v) = -4*v**3 - v**2 + 2*v + 3. Let u(s) = 2*d(s) + l(s). Let b = -7 + 6. Calculate the remainder when 29 is divided by u(b).
5
Suppose 4*k - 413 + 29 = -4*a, -a = -3*k - 100. What is the remainder when 676 is divided by a?
94
Let i(m) be the third derivative of m**6/120 + 3*m**5/20 - m**4/24 + 5*m**3/3 + 13*m**2 + 2. What is the remainder when i(-6) is divided by 26?
20
Let r = 63 - 59. Suppose -5*g - f - r*f + 10 = 0, -3*f = g + 2. Calculate the remainder when 15 is divided by g.
3
Let f(a) = 3*a**2 - 6*a + 1. Let o(b) = -b**2 + 2*b. Let c(k) = 3*f(k) + 8*o(k). Suppose -n + 16 = -6. Calculate the remainder when n is divided by c(3).
4
Let z(s) = 4*s**2 + 3*s - 35. Let b be z(-5). Suppose 1164 = -38*j + b*j. Suppose 0*m = -m + 25. Calculate the remainder when j is divided by m.
22
Suppose 3*r = -2*r + 25. Suppose 2*p = r*f - 0*f - 174, p = -4*f + 147. Calculate the remainder when 105 is divided by f.
33
Suppose -4*w + 62 = 2*l, 5*w + 10*l - 79 = 9*l. Calculate the remainder when 30 is divided by w.
14
Suppose c + 1 = 0, 4*k - 23 = -c + 28. Let d(t) = 50*t**2 - t. What is the remainder when d(1) is divided by k?
10
Let y be 24*2/(-3) + -4. Let s = 61 + y. Calculate the remainder when s is divided by 11.
8
Suppose 27*s - 28*s = -4*h + 85, 2*h - 35 = -s. Calculate the remainder when h is divided by ((-4)/3)/((-2)/12).
4
Suppose 2*k - k = 6. Calculate the remainder when 10 + -22 - (-41 - 4) is divided by k.
3
Let c = -4 - -11. Suppose 0 = -4*z + 5*w + 21 + 126, -5*z - 4*w + 194 = 0. What is the remainder when z is divided by c?
3
Let q be 2/(-8) + 75/12. Let k be 105/(-4) + q/24. Let g = -21 - k. What is the remainder when g is divided by 3?
2
Let v = 71 + -14. Let t = v + -48. What is the remainder when 14 is divided by t?
5
Let p(o) = -7*o**2 + 4*o - 13. Let t be p(4). Let q = t - -168. What is the remainder when q is divided by 16?
11
Suppose 2*n + 2*w - 16 = 5*n, -2*n = -5*w + 18. Calculate the remainder when 66 is divided by 4*(n/18 - 644/(-144)).
15
What is the remainder when 145 is divided by (-3)/8 + (-43983)/(-1448)?
25
Suppose 800 - 240 = 16*j. What is the remainder when 134 is divided by j?
29
Let p(y) = 55*y**2 - 2*y. Suppose -4*j = -2 - 2, 2*r = 4*j + 4. Suppose t - r = -3*t. Calculate the remainder when p(t) is divided by 14.
11
Let z(g) = -3*g**3 - 9*g**2 + 10*g + 9. Let w = 53 + -58. Calculate the remainder when z(w) is divided by 19.
14
Let k = 31 - 1. Suppose -k = f - 4*f. Calculate the remainder when 48 is divided by f.
8
Suppose 86 = 5*j - 4*z, 3*j - 34 = -0*z - 2*z. Let v(m) = 2*m**2 - 22*m + 101. What is the remainder when v(12) is divided by j?
13
Let l(s) = s**2 + s + 3. Suppose -455*z = -470*z + 345. Calculate the remainder when l(6) is divided by z.
22
Let h(a) = -2*a**3 + 3*a**2. Let f be h(2). Calculate the remainder when 67 is divided by (70/(-4))/(f/8).
32
Suppose 4240 = 5*z - 5*k, 84*z + 5*k = 80*z + 3383. What is the remainder when z is divided by 53?
52
Let x = 2680 - 2251. What is the remainder when x is divided by 14?
9
Let w(r) = r**2 + r + 9. Let x be w(0). Suppose 6*o - 3*o - x = 0. What is the remainder when (o + -2 + 0)*74 is divided by 25?
24
Suppose 5*w - 2*m - 119 = 0, -4*m + 15 = 3. What is the remainder when 95 is divided by w?
20
Let d = -17 + 18. Let q(n) = -134*n**3 - 2*n**2 + 4*n - 2. Let z be q(d). Let c = z + 248. What is the remainder when c is divided by 29?
27
Suppose 59 = 2*d - 9. Let k = 559 + -550. Calculate the remainder when d is divided by k.
7
Let d(z) = z**3 - 2*z**2 - 2. Suppose 0 = -4*t + 3*g + 11, 2*t = -2*g - 3*g - 1. What is the remainder when d(3) is divided by 15/(-3) + t + 5?
1
Suppose 4*j - 268 = -s, -3*j + 3*s - s + 212 = 0. What is the remainder when 285 is divided by j?
13
Suppose 2*j + 5*j = 196. Suppose -2*m - 2*m + 160 = 0. Suppose -c = -5*c + m. What is the remainder when j is divided by c?
8
Let h be (-4)/20 + (-11)/(-5). Suppose -2*x - 32 = -h*v, 3*x + 29 = 5*v - 3*v. Calculate the remainder when 149 is divided by v.
16
Let n = 1369 + -1255. What is the remainder when n is divided by 14?
2
Suppose -7*r = 842 + 257. Let g = -88 - r. What is the remainder when g is divided by 15?
9
Suppose -364 = 7*l - 455. What is the remainder when 1337 is divided by l?
11
Let x be 18/(-9) - 1*39. Calculate the remainder when (x/4)/((-12)/96) is divided by 21.
19
Let z = 176 - 7. What is the remainder when z is divided by 7?
1
Let m be (1/1 + 2)*-10. Let i be (-4)/10 + (-642)/m. Suppose -3*v + i + 15 = 0. What is the remainder when 22 is divided by v?
10
Let a = 66 + -56. Suppose 12 = l - 15. Calculate the remainder when l is divided by a.
7
Let q be 5*(-4)/(-60)*6 + 1. Suppose 5*n + q*p - 350 = 8*p, p = 1. What is the remainder when n is divided by 26?
19
Let s(n) = n**3 - 2*n**2 - 4*n + 11. What is the remainder when s(5) is divided by (12/5)/(4/30)?
12
Suppose -3*h = -5*i + 3, i - 6 = -3. Let s = h + 9. Suppose -85 = -2*g - 3*f, 3*g = f + 125 - 14. What is the remainder when g is divided by s?
12
Let u be ((-12)/36)/(2/114). Let r = u + 33. Calculate the remainder when r is divided by 5.
4
Suppose -2*o + i - 21 = -6*o, -5*i + 5 = 0. Suppose 4*d + 3*k - 441 = -48, -4*d + 433 = -o*k. Calculate the remainder when d is divided by ((-3)/2)/(6/(-104)).
24
Suppose 7*m + 110 = 544. Suppose -2*k = 2*n - 40, 4*k + 2*n = k + m. Calculate the remainder when 86 is divided by k.
20
Let w(d) = d - 11. Let b be w(7). What is the remainder when 14 is divided by 4 + -6 - (b - 2)?
2
Let y(l) = 2*l + 34. Calculate the remainder when (-502)/(-14) + 6/42 is divided by y(-12).
6
Suppose 24 = 2*d + 5*b - 10*b, -6 = 3*d + 3*b. What is the remainder when ((-2)/3)/((-4)/30) is divided by d?
1
Let l = -3 + 8. Suppose 5*o = -2*r + l, 0 = -4*o + 2*r + 2*r + 32. Calculate the remainder when (-4)/(-10) - 53/(-5) is divided by o.
2
Let f(o) = -o**2 + 17*o - 10. Let h be 3 - -13 - 0 - (-4 - -8). Calculate the remainder when f(h) is divided by 16.
2
Let g(h) = -h**3 - 2*h**2 + 39*h - 6. Suppose -6*f - 51 = -9*f. What is the remainder when g(4) is divided by f?
3
Let z be (2 - 3)*-1*12/3. Suppose -46 = -2*f - p, -z*f + 34 = p - 62. What is the remainder when 124 is divided by f?
24
Suppose -l + 2*m = -25, -5*m = l - 0*l + 10. Suppose -2*h + l = -3. Calculate the remainder when 34 is divided by h.
7
Let h = -62 - -111. Let a = h - 5. What is the remainder when a is divided by 16?
12
Let h = -14 + 18. Suppose h - 6 = m. What is the remainder when 11 is divided by (m - -8)/(1*2)?
2
Let n(u) = -13*u - 2. Calculate the remainder when n(-3) 